{"id":53,"date":"2018-12-19T20:30:00","date_gmt":"2018-12-19T20:30:00","guid":{"rendered":"http:\/\/itnav.hu\/allasoldalak\/?page_id=53"},"modified":"2025-06-13T07:50:03","modified_gmt":"2025-06-13T07:50:03","slug":"kollegaink","status":"publish","type":"page","link":"https:\/\/itnav.hu\/allasoldalak\/kollegaink\/","title":{"rendered":"Koll\u00e9g\u00e1ink"},"content":{"rendered":"<div class=\"row\">\n<div class=\"col-md-4 col-md-offset-4 col-img-tac\"><img loading=\"lazy\" decoding=\"async\" class=\"alignnone size-full wp-image-547\" src=\"https:\/\/itnav.hu\/wp-content\/uploads\/2018\/12\/Peti-1.png\" alt=\"\" width=\"500\" height=\"500\" \/><br \/>\nJuh\u00e1sz P\u00e9ter<br \/>\n\u00dcgyvezet\u0151<\/div>\n<\/div>\n<div class=\"row\">\n<div class=\"col-md-offset-2 col-md-4 col-img-tac\"><img loading=\"lazy\" decoding=\"async\" class=\"alignnone size-full wp-image-495\" src=\"https:\/\/itnav.hu\/wp-content\/uploads\/2018\/12\/vivi-1.png\" alt=\"\" width=\"500\" height=\"500\" \/><br \/>\nM\u00e9sz\u00e1ros-Szab\u00f3 Vivien<br \/>\nVezet\u0151 \u00fcgyf\u00e9lmenedzser<br \/>\n<a href=\"tel:+36 202220222\" target=\"_blank\" rel=\"noopener noreferrer\">+36 20 222 0 222<\/a><br \/>\n<a href=\"mailto:szabo.vivien@allasorias.hu\">szabo.vivien@allasorias.hu<\/a><\/div>\n<div class=\"col-md-4 col-img-tac\"><img loading=\"lazy\" decoding=\"async\" class=\"alignnone size-full wp-image-458\" src=\"https:\/\/itnav.hu\/wp-content\/uploads\/2018\/12\/gabor-1.png\" alt=\"\" width=\"500\" height=\"500\" \/><br \/>\nSpekker G\u00e1bor<br \/>\nWebprogramoz\u00f3 &#8211; \u00dcgyf\u00e9l-kapcsolattart\u00f3<br \/>\n<a href=\"tel:+36 202220232\" target=\"_blank\" rel=\"noopener noreferrer\">+36 20 222 0 232<\/a><br \/>\n<a href=\"mailto:spekker.gabor@allasorias.hu\">spekker.gabor@allasorias.hu<\/a><\/div>\n<\/div>\n<div class=\"row\">\n<div class=\"col-md-offset-2 col-md-4 col-img-tac\"><img loading=\"lazy\" decoding=\"async\" class=\"alignnone size-full wp-image-458\" src=\"https:\/\/itnav.hu\/wp-content\/uploads\/2018\/12\/erik.png\" alt=\"\" width=\"500\" height=\"500\" \/><br \/>\n\u00c1d\u00e1m Erik<br \/>\nWebprogramoz\u00f3<\/div>\n<div class=\"col-md-4 col-img-tac\"><img loading=\"lazy\" decoding=\"async\" class=\"alignnone size-full wp-image-454\" src=\"https:\/\/itnav.hu\/wp-content\/uploads\/2018\/12\/attila.png\" alt=\"\" width=\"500\" height=\"500\" \/><br \/>\nKov\u00e1cs Attila<br \/>\nWebprogramoz\u00f3<\/div>\n<\/div>\n","protected":false},"excerpt":{"rendered":"<p>Juh\u00e1sz P\u00e9ter \u00dcgyvezet\u0151 M\u00e9sz\u00e1ros-Szab\u00f3 Vivien Vezet\u0151 \u00fcgyf\u00e9lmenedzser +36 20 222 0 222 szabo.vivien@allasorias.hu Spekker G\u00e1bor Webprogramoz\u00f3 &#8211; \u00dcgyf\u00e9l-kapcsolattart\u00f3 +36 20 222 0 232 spekker.gabor@allasorias.hu \u00c1d\u00e1m Erik Webprogramoz\u00f3 Kov\u00e1cs Attila Webprogramoz\u00f3<\/p>\n","protected":false},"author":1,"featured_media":0,"parent":0,"menu_order":0,"comment_status":"closed","ping_status":"closed","template":"","meta":{"om_disable_all_campaigns":false,"_monsterinsights_skip_tracking":false,"_monsterinsights_sitenote_active":false,"_monsterinsights_sitenote_note":"","_monsterinsights_sitenote_category":0,"footnotes":""},"class_list":["post-53","page","type-page","status-publish","hentry"],"aioseo_notices":[],"_links":{"self":[{"href":"https:\/\/itnav.hu\/allasoldalak\/wp-json\/wp\/v2\/pages\/53","targetHints":{"allow":["GET"]}}],"collection":[{"href":"https:\/\/itnav.hu\/allasoldalak\/wp-json\/wp\/v2\/pages"}],"about":[{"href":"https:\/\/itnav.hu\/allasoldalak\/wp-json\/wp\/v2\/types\/page"}],"author":[{"embeddable":true,"href":"https:\/\/itnav.hu\/allasoldalak\/wp-json\/wp\/v2\/users\/1"}],"replies":[{"embeddable":true,"href":"https:\/\/itnav.hu\/allasoldalak\/wp-json\/wp\/v2\/comments?post=53"}],"version-history":[{"count":31,"href":"https:\/\/itnav.hu\/allasoldalak\/wp-json\/wp\/v2\/pages\/53\/revisions"}],"predecessor-version":[{"id":278,"href":"https:\/\/itnav.hu\/allasoldalak\/wp-json\/wp\/v2\/pages\/53\/revisions\/278"}],"wp:attachment":[{"href":"https:\/\/itnav.hu\/allasoldalak\/wp-json\/wp\/v2\/media?parent=53"}],"curies":[{"name":"wp","href":"https:\/\/api.w.org\/{rel}","templated":true}]}}